- 1096. Give s(-18).
8
Let o(y) be the first derivative of 45*y**2/2 - 525*y - 7085. Determine o(12).
15
Let w(j) be the first derivative of -2*j**3/3 + 5*j**2 - 9*j + 7. Suppose 50*b = 52*b - u - 11, -2 = -2*u. Calculate w(b).
-21
Let t = -28 - -31. Suppose -r - 1 + t = 0. Let m be (-95)/(-15) - r/6. Let k(p) = p**3 - 5*p**2 - 5*p. What is k(m)?
6
Let o be -12*((-18)/(-24))/(-3). Let z(m) = -1 + m**2 - o + 5 + 2*m. Give z(-2).
1
Suppose -11*x + 26 - 4 = 0. Let w be x/(4/(-11)) + (-5)/10. Let g(r) = 2*r + 10. Determine g(w).
-2
Let t(m) be the first derivative of -m**3/3 - 8*m**2 - 43*m + 2279. Determine t(-10).
17
Let h(g) = -g**3 - 11*g**2 + 14*g + 12. Let i(m) = 2*m**3 - 13*m - 43. Let z be i(-6). Let l = z - -385. Give h(l).
-12
Let j(x) = -2987 - 6*x + 2959 - 3*x. What is j(-6)?
26
Let d(x) = -x**3 - 7*x**2 + 9*x - 11. Let g(m) = m**3 - 10*m**2 + m + 11. Let r be g(5). Let z = r + 101. Calculate d(z).
-19
Let a(r) = -r**3 + 2*r**2 + 3*r - 4. Let o be a(2). Suppose -5*u + 10 = -o*s, -s - 46 = 5*u - 41. Let p(k) = -k + 2. What is p(s)?
7
Let o(s) be the first derivative of s**2/2 - 40*s + 6294. Give o(-11).
-51
Let s(n) = 60*n**2 + 3*n + 13. Let u be s(21). Let z(b) = -u + b**3 + 26535 + 2*b**2 + 7*b**3. What is z(1)?
9
Let p(w) = -w**2 + 6*w - 6. Let b = 250 + -243. Suppose 0 = -33*c - b*c + 240. Calculate p(c).
-6
Suppose 0 = 3*r - 3*f - 132, -5 = 3*f + 2*f. Let c(m) = -r + 15 + 25 + 3*m. Let g(u) = -2*u + 1. Let z(y) = -3*c(y) - 5*g(y). What is z(7)?
11
Suppose -90*u = 1090 - 370. Let r(d) = 17*d + 15. Calculate r(u).
-121
Let m = 9648 + -9653. Let h(l) be the first derivative of l**3/6 + 3*l**2 + 5*l + 3. Let k(s) be the first derivative of h(s). Give k(m).
1
Let h(p) = -34 + 12 + 10 + 10. Let v(q) = 4*q + 26. Let u(r) = 12*h(r) + v(r). Give u(-1).
-2
Let c(r) = r**2 - r + 2. Let o be c(2). Let i(j) = -6 + 4 - j**3 - 47*j**2 + j + 8*j**2 + 3*j + 42*j**2. Give i(o).
-2
Suppose -134 = -2*o - 118. Let j(u) = 7 + 42*u - 21*u - 22*u - 5 + 15. What is j(o)?
9
Let h(o) = o**2 - 10*o - 55. Suppose -3*u - 49*n + 52*n + 27 = 0, 2*u - 23 = n. What is h(u)?
1
Let b(u) = 844*u - 25. Let a(x) = 67*x - 2. Let p(h) = 74*a(h) - 6*b(h). What is p(-1)?
108
Let i(v) = -3*v**2 - 55*v + 2 + 50*v + 0. Let r be (168/(-4))/(-7) - 8. Determine i(r).
0
Let w(f) = 13*f**3 - 7*f - 14*f**3 + 7 - 5*f**2 - 4*f**2. Suppose -99*m + 101*m = l - 21, 0 = 2*l - 10. Give w(m).
-1
Let k(l) = 157*l + 1256. Let s be k(-8). Let c(f) = f**2 + 2*f + 6. Determine c(s).
6
Let u(m) = -10*m**3 - m**2 + 3*m - 2. Suppose 5*o + f = 1 - 0, -3*o - 5*f = 17. Give u(o).
-10
Let q(t) = -16*t**2 - 5*t. Let i be 10/(-5) - (-4 - -1). Let h be q(i). Let u(w) = -w**3 - 21*w**2 - w - 16. Calculate u(h).
5
Let v be 7 + (-25)/4 - (-45)/20. Let t(w) = -17*w - 27. Calculate t(v).
-78
Let g be (12/(-32))/((-132)/704). Let f(d) be the second derivative of 1/3*d**3 + d**g + 13*d + 0 - 1/6*d**4. Give f(2).
-2
Let d(t) = t**3 - 7*t**2 - 7*t - 5. Suppose 0 = -5*g + 2*b + 35 + 53, 3*g - 58 = -4*b. Let i be -4*g/(-24) - -5. Calculate d(i).
3
Let i(l) be the first derivative of -105 + 1/2*l**2 + 2*l. Calculate i(-4).
-2
Suppose -9*b = -6*b - 12. Suppose 0 = b*v - 20. Suppose 6 = 2*r - v*p, r + 3*p = -0*r + 3. Let h(z) = 2*z + 1. Determine h(r).
7
Suppose -d = 9 - 6. Let y be (d/(-2))/1*16/6. Suppose 0 = -y*s - 5*s - 9. Let q(g) = 12*g**3 - g**2 - g. Give q(s).
-12
Let j be (-167 + -2)*9*(-5)/15. Let y = j + -510. Let v(p) = 6*p + 1. Calculate v(y).
-17
Let o(j) = -13526 - 2*j**2 + 36*j + 27060 - 13523. What is o(18)?
11
Suppose -6*l - 21 + 153 = 0. Let y(g) = 2*g - 10 - 7*g**2 - l*g**3 + 6 + 21*g**3. What is y(-7)?
-18
Let b(u) = -u**2 + 6*u - 5. Let p(z) = -2*z - 6. Let v = -41 + 41. Suppose v = r - 7*r - 36. Let m be p(r). Give b(m).
-5
Let c = 20 + -26. Let w(v) = -3*v**2 - 7*v - 1. Let f(y) = y**2 + 2. Let m(i) = 2*f(i) + w(i). What is m(c)?
9
Suppose -6*h = -2*h - 4, -2*h = -4*o + 22. Let g(b) be the second derivative of -5/2*b**2 - 1/12*b**4 + 2/3*b**3 + 5 - 6*b. What is g(o)?
-17
Let k(h) = -h - 1 - 3*h + 3*h. Let j be (252/(-63))/(4/(-5)*-1). Determine k(j).
4
Let w(j) = -28*j**2 + 15*j + 25. Let k(v) = -33*v**2 + 15*v + 26. Let n(m) = -6*k(m) + 7*w(m). What is n(-6)?
1
Let n(r) = r**2 - 1. Let i(v) = 3*v**2 + 3*v - 5. Let z = 57 - 61. Let t(f) = z*n(f) + i(f). Suppose 5 + 1 = 3*a. Give t(a).
1
Let p(g) = -8*g**2 + 9*g + 3. Let i(u) = 25*u**2 - 31*u - 10. Let l(v) = 2*i(v) + 7*p(v). Let k be 3/(-7)*(1 + -8). Suppose -n + 2 = -k*n. What is l(n)?
-6
Let d(l) = -14*l - 14. Let u = 11579 - 11579. What is d(u)?
-14
Let k(x) = 27*x**3 + 108*x**2 - 111*x - 94. Let g(z) = 5*z**3 + 21*z**2 - 22*z - 19. Let f(i) = 11*g(i) - 2*k(i). What is f(-16)?
43
Let n(f) = f + 7. Let d be (-1 + 10/4)*(370 + -368). Determine n(d).
10
Let y(v) = 77*v**3 + 4*v**2 + 2*v - 1. Let x be y(-1). Let d = 73 + x. Let m(o) = -o**3 - 2*o**2 - 3*o - 3. Give m(d).
15
Let j(f) = -f**2 - 4*f. Suppose 5*q + 3*q = -40. Let x(h) = 7*h + 20. Let n be x(q). Let w = 10 + n. Calculate j(w).
-5
Suppose 0 = -5*s - 3*d - 9, 2*s + 5*d = -0*s - 15. Suppose -14*f + 0*f + 84 = s. Let t(r) = -6*r + 8. Give t(f).
-28
Suppose -22*o - 240 = -12*o. Let h be 4 + (-248)/o + 1/(-3). Let v(y) = -y**3 + 15*y**2 - 15*y + 17. Calculate v(h).
3
Let r(a) = -5*a**3 + 6*a**2 + 8*a + 24. Let c(x) = 9*x**3 - 12*x**2 - 16*x - 43. Let d(j) = -4*c(j) - 7*r(j). Let z = 793 + -786. Determine d(z).
11
Let p(f) = -5*f**2 + 8*f + 3. Let r(v) = -4*v**2 + 9*v - 5. Let a(l) = 3*p(l) - 4*r(l). Give a(5).
-6
Let z(j) = 0 - 687*j + 684*j - 5. Suppose -5*a - 18 = 2*h, a + 4*a + 26 = -4*h. What is z(a)?
1
Suppose -5*n = -2*w - 3*w + 20, 5*w - 5 = 0. Let l be 39/(-9) - (-2)/n. Let s(r) = 78*r + 61*r + 82*r + 81*r - 304*r - 3. Determine s(l).
7
Let p be ((-20)/(-18))/((-84)/(-378)). Let g(x) = -5*x - 1 - 2*x**2 + 2*x + 0*x - 14*x**3 + p*x + 4*x**3. What is g(1)?
-11
Let y(l) = 3*l - 2. Suppose -76 = -w - 235. Let t be (-38)/209 + w/33. Give y(t).
-17
Let q = -651 - -636. Let a(p) = -p**2 - 12*p + 3. Calculate a(q).
-42
Let s(u) = -u**3 - 8*u**2 - 10*u + 12. Let k be s(-6). Let p(n) = k*n - 517 + n + 512. Determine p(5).
0
Suppose k - 3 = 0, 72*k + 21 = 3*c + 73*k. Let o(s) = -10*s - 38. What is o(c)?
-98
Let n(i) be the second derivative of -7*i**3/6 + 3*i**2/2 + 10034*i. Let d = -1 + 4. What is n(d)?
-18
Let i(l) be the second derivative of l**4/6 - 3*l**2/2 + 173*l + 1. Determine i(-6).
69
Let n(y) = -y**3 - 2*y**2 + 8*y + 43. Let m be n(-4). Let o(u) = m - 93 - u**2 - 7*u + 38. What is o(-5)?
-2
Let j be (-7)/(-14)*(0 + 10). Let k(x) = 5 + 6*x - 2 - 14*x - x**2 + 1 + 3*x**2. Calculate k(j).
14
Suppose 0 = -4*y - 1 + 5. Let u(t) = 3*t**2 - 6*t - 2. Let l(n) = 3*n**3 + 64*n**2 - 128*n - 41. Let h(a) = -l(a) + 21*u(a). Calculate h(y).
-3
Let f(z) = z**2 + 9*z + 14. Let j be f(-8). Suppose -8*l + j = -82. Suppose l*h + 70 = 26. Let n(s) = -3*s - 3. Calculate n(h).
9
Let p(u) = -60*u - 306. Suppose -237*z + 226*z - 55 = 0. What is p(z)?
-6
Let s(o) = o**3 - 6*o**2 + 4*o. Suppose -269 = -33*j - 104. Calculate s(j).
-5
Let z(p) = p**3 + 91*p**2 - 136*p**2 - 129 + 28*p**2 - 31*p. Determine z(19).
4
Let v(t) = -t**3 - 6*t**2 + 19*t + 11. Suppose 22*q + 488 = 312. Determine v(q).
-13
Let z(y) = 2*y**2 + 2*y**2 + 3 - 2. Suppose 2*u + 18 = 5*c - 66, c - 22 = 3*u. Let s be 5 + (-26)/8 + 4/c. What is z(s)?
17
Let o = 85 - 76. Let c(m) = 6 - 5*m + o*m - 1 + m**2 + 4*m. Give c(-8).
5
Let d(n) = -2*n - 4. Let f(m) = -m - 4. Let x = 312 + -308. Let o(u) = x*f(u) - 3*d(u). Calculate o(-1).
-6
Let w(j) = -2*j + 1. Let z(d) = 7*d - 16. Let g(c) = 2*w(c) + z(c). Let l be (-376)/(-376)*-3*(-3 + 1). What is g(l)?
4
Let a(m) be the first derivative of -17*m**2/2 - 221*m - 6979. Calculate a(-12).
-17
Let x(j) = -3*j - j**2 + 121 + 114 - 225. Give x(-9).
-44
Let x = 44 - 42. Let p(i) = -i + 3 + 4*i**2 + i**x - 5*i - 4*i**2. Let d(w) = -w**2 + 5*w - 2. Let n(g) = -3*d(g) - 2*p(g). What is n(3)?
0
Let v(m) = m**2 - 11*m + 14. Suppose 90*j + 1158 = 139*j + 144*j. Calculate v(j).
-16
Let l(k) = -8*k**2 + 43*k - 13. Let i be l(5). Let z(j) = 3*j**3 + j**2 - 9*j + 3. What is z(i)?
13
Let x(q) = -738*q - 1471. Let u be x(-2). Let p(a) = a**2 - 13*a + 31. Determine p(u).
-9
Let s = -12509 + 12510. Let l(q) = -q. Let 